{"id":79,"date":"2020-12-14T17:44:09","date_gmt":"2020-12-14T16:44:09","guid":{"rendered":"http:\/\/cghconseil.fr\/?page_id=79"},"modified":"2021-01-12T14:42:44","modified_gmt":"2021-01-12T13:42:44","slug":"atouts","status":"publish","type":"page","link":"https:\/\/cghconseil.fr\/?page_id=79","title":{"rendered":"Atouts"},"content":{"rendered":"\n<div class=\"wp-block-columns is-layout-flex wp-container-core-columns-is-layout-9d6595d7 wp-block-columns-is-layout-flex\">\n<div class=\"wp-block-column is-layout-flow wp-block-column-is-layout-flow\" style=\"flex-basis:100%\">\n<h5 class=\"has-text-align-left wp-block-heading\"><span style=\"color:#d8c881\" class=\"has-inline-color\">Adaptabilit\u00e9<\/span><\/h5>\n\n\n\n<figure class=\"wp-block-image size-large is-resized\"><img loading=\"lazy\" decoding=\"async\" src=\"https:\/\/cghconseil.fr\/wp-content\/uploads\/2021\/01\/image-15.png\" alt=\"\" class=\"wp-image-216\" width=\"125\" height=\"121\"\/><figcaption><span style=\"color:#d8c881\" class=\"has-inline-color\">Des fonctions strat\u00e9giques, des fonctions op\u00e9rationnelles, des fonctions transversales, des missions de conseil<\/span><\/figcaption><\/figure>\n\n\n\n<h5 class=\"wp-block-heading\"><span style=\"color:#d8c881\" class=\"has-inline-color\">Agilit\u00e9<\/span><\/h5>\n\n\n\n<figure class=\"wp-block-image size-large is-resized\"><img loading=\"lazy\" decoding=\"async\" src=\"https:\/\/cghconseil.fr\/wp-content\/uploads\/2021\/01\/image-16.png\" alt=\"\" class=\"wp-image-218\" width=\"127\" height=\"123\"\/><figcaption><span style=\"color:#d8c881\" class=\"has-inline-color\">Des grands groupes, des PME, des start up, des associations<\/span><\/figcaption><\/figure>\n\n\n\n<h5 class=\"wp-block-heading\"><span style=\"color:#d8c881\" class=\"has-inline-color\">Audace<\/span><\/h5>\n\n\n\n<figure class=\"wp-block-image size-large is-resized\"><img loading=\"lazy\" decoding=\"async\" src=\"https:\/\/cghconseil.fr\/wp-content\/uploads\/2021\/01\/image-17.png\" alt=\"\" class=\"wp-image-219\" width=\"127\" height=\"126\"\/><figcaption><span style=\"color:#d8c881\" class=\"has-inline-color\">Des cr\u00e9ations de poste, des cr\u00e9ations d&rsquo;entreprise, des domaines vari\u00e9s (Retail, Promotion Immobili\u00e8re, Vins et Spiritueux, Cosm\u00e9tique, Culture)<\/span><\/figcaption><\/figure>\n<\/div>\n<\/div>\n\n\n\n<div class=\"wp-block-buttons is-layout-flex wp-block-buttons-is-layout-flex\">\n<div class=\"wp-block-button is-style-outline is-style-outline--1\"><a class=\"wp-block-button__link has-text-color\" href=\"https:\/\/cghconseil.fr\/?page_id=72\" style=\"color:#d8c881\" target=\"_blank\" rel=\"&lt;p class=&quot;wpcf7-contact-form-not-found&quot;&gt;&lt;strong&gt;Erreur\u00a0:&lt;\/strong&gt; Formulaire de contact non trouv\u00e9\u00a0!&lt;\/p&gt; noopener\">Contactez-moi<\/a><\/div>\n<\/div>\n","protected":false},"excerpt":{"rendered":"<p>Adaptabilit\u00e9 Agilit\u00e9 Audace<\/p>\n","protected":false},"author":1,"featured_media":0,"parent":0,"menu_order":0,"comment_status":"closed","ping_status":"closed","template":"","meta":{"footnotes":""},"class_list":["post-79","page","type-page","status-publish","hentry"],"_links":{"self":[{"href":"https:\/\/cghconseil.fr\/index.php?rest_route=\/wp\/v2\/pages\/79","targetHints":{"allow":["GET"]}}],"collection":[{"href":"https:\/\/cghconseil.fr\/index.php?rest_route=\/wp\/v2\/pages"}],"about":[{"href":"https:\/\/cghconseil.fr\/index.php?rest_route=\/wp\/v2\/types\/page"}],"author":[{"embeddable":true,"href":"https:\/\/cghconseil.fr\/index.php?rest_route=\/wp\/v2\/users\/1"}],"replies":[{"embeddable":true,"href":"https:\/\/cghconseil.fr\/index.php?rest_route=%2Fwp%2Fv2%2Fcomments&post=79"}],"version-history":[{"count":7,"href":"https:\/\/cghconseil.fr\/index.php?rest_route=\/wp\/v2\/pages\/79\/revisions"}],"predecessor-version":[{"id":351,"href":"https:\/\/cghconseil.fr\/index.php?rest_route=\/wp\/v2\/pages\/79\/revisions\/351"}],"wp:attachment":[{"href":"https:\/\/cghconseil.fr\/index.php?rest_route=%2Fwp%2Fv2%2Fmedia&parent=79"}],"curies":[{"name":"wp","href":"https:\/\/api.w.org\/{rel}","templated":true}]}}